/(-6)*q/5. Suppose -w*t + 28 = -12. What is the units digit of t?
0
Let u(x) = -2*x**2 - x. Let q be u(-2). Let l = 7 + q. What is the units digit of l?
1
Let a be -1 - (2 - 21/3). What is the tens digit of a*(-6)/20*-50?
6
Suppose -a + 17 = 4*k, -2*k + 2*a = 2*k - 26. Let b = 9 - k. What is the tens digit of b/(-4)*(-1 + -12)?
1
Suppose n + n + 4*k - 20 = 0, -5*n - 2*k = -26. Suppose 0 = 5*a + n*y - y - 38, 5*y = -4*a + 20. What is the units digit of a?
0
Let h(f) = f + 15. Let o be h(-11). Suppose 0 = 3*w - o*d - 122, -7*w + 145 = -2*w + 5*d. What is the units digit of w?
4
Let f be (-1 - -13) + 2 - 0. Let r = -10 + f. Suppose u = 3*s - 2, -r*s = u - 4 - 1. What is the units digit of s?
1
What is the tens digit of (-1 - (-10 + 6)) + 71 + -1?
7
Let m be ((-16)/(-20))/(1/5). Let g(f) = f**2. What is the units digit of g(m)?
6
Let r(j) = 4*j - 23. Let z be r(-11). Let g = z + 102. What is the units digit of g?
5
Let c = 3 + -1. Suppose -c*d = d - 6. What is the units digit of (-2)/(-1 - -3) + d?
1
Let q be 2/2 + -3 - -3. Suppose 3*x - 2 = q. What is the units digit of x?
1
Let p be 3/(-2)*(-2 - -4). Let z(f) = f**2 + 2*f + 1. Let c be z(0). What is the units digit of c/p - (-75)/9?
8
Let h = 19 - 17. Suppose -h*z + 4*o + 21 = -23, 0 = -4*z + 4*o + 84. What is the units digit of z?
0
Suppose -2*u + z + 2*z + 17 = 0, -5*u = -5*z - 55. What is the units digit of u?
6
Suppose 0 = 5*t + 2*v - 7, 4*v = 3*v + 1. Let f(b) = 5*b + 1. What is the units digit of f(t)?
6
Let a(w) = -14*w**3 - 2*w. What is the tens digit of a(-2)?
1
Let a(z) = -z**3 + 4*z**2 - 6*z. Let b(f) = f - 3. Let o be b(7). Let q be a(o). Let s = q + 35. What is the units digit of s?
1
Let a(i) = 2*i + 4. Let h be a(3). Suppose -h*p + 93 = -7*p. What is the tens digit of p?
3
Let y = 11 - 1. Suppose h = -4*v - 2, -4*v + 0*v - 5*h = y. What is the units digit of 9 + (-2 - v/3)?
7
Suppose 3*a + 3*m = 18, -5 = -a + 3*m + 1. Let k be 13 - (-2)/(-2 - -3). Suppose a*n - n = k. What is the units digit of n?
3
Let i = -3 - -5. Let p(v) = 0*v + 2*v - 2 + 2 + v**i. What is the units digit of p(-4)?
8
Let c be 0*(-1)/(-2) + -4. Let p = 2 + c. What is the units digit of p/(-4)*(2 + 4)?
3
Suppose 0 = -r, -2*o + 128 = 2*o - r. What is the tens digit of o?
3
Suppose -o + 21 = 2. What is the tens digit of o?
1
Let b be (-4)/(-2) + -1 + 1. Let n = b - 0. What is the units digit of n?
2
Let j = -93 + 182. What is the tens digit of j?
8
Let j be (-2)/2 + 80/5. Suppose b - j = -1. What is the tens digit of b?
1
Suppose 0 = -0*s + s - 4. Suppose -2*z + 8 = -s*z. What is the tens digit of 3 - (-3 - z) - -15?
1
Let u be (-4)/3*(-9)/2. Let l = u + 4. What is the units digit of l?
0
Let t = -5 - -4. Let u = t + -3. Let i = u - -8. What is the units digit of i?
4
Let s(k) = 2 + 26*k + 17*k - 19*k + 16*k. What is the units digit of s(1)?
2
Let s be (-4)/(-6) - (-2)/(-3). Suppose -2*n - 20 = -s*n - 4*c, -5*n - c + 5 = 0. Let b = n - -2. What is the units digit of b?
2
Suppose 2*p + 3 = 3*t - 7, -3*t - p = -4. Let y(m) = -m**3 + t*m**2 + 2*m**2 + 6*m - 6 + 3*m**2 - 4*m**2. What is the units digit of y(4)?
2
Let y(a) = -3*a**2 + a. Let z be y(2). Let t = z + 16. What is the units digit of t?
6
Let l be 42/(-9) + 1/(-3). Let g be (1 - 7)*l/15. Let y = 4 - g. What is the units digit of y?
2
Let s = 130 - 15. Suppose 0 = -r - 4*r - s. Let a = r + 32. What is the units digit of a?
9
Let k(p) = p**3 - 7*p**2 + 2*p + 5. What is the units digit of k(8)?
5
Suppose 6*u - 3 = 3*u. Let b be 2/10 - (-12)/(-10). What is the units digit of u + 1 - (b + -2)?
5
Let v(a) = a**2 - 14*a + 17. What is the tens digit of v(14)?
1
Suppose -23 = -0*x - 4*x + 3*a, x + 23 = -5*a. Suppose 148 = 4*o - x*j, -4*o + 30 = -3*o + 3*j. What is the units digit of o?
6
Let y be (-7)/(-2*(-1)/(-2)). Let g(s) = -s + 15. Let d be g(y). Let x = d + 1. What is the units digit of x?
9
Suppose 0*t - 2*t - 2*x + 42 = 0, -2*x = -3*t + 83. Let u be ((-3)/5 + 1)*t. Suppose 5*m + 6 = -4*g + 1, -2*g = 4*m + u. What is the units digit of g?
5
Suppose 4*v - 16 = 2*v. What is the units digit of v?
8
Suppose 0*m + m - 3 = 0. Suppose -93 + m = -5*l. What is the units digit of l?
8
Let c be (-13 - -10)*4/(-3). Suppose 0 = c*s - 5*s + 30. What is the tens digit of s?
3
Let v(l) = -l**2 + 8*l + 3. Let s be v(7). Let q = s - -4. What is the tens digit of q?
1
Let g be 4/(-6)*156/(-8). Let v = -8 + g. What is the units digit of v?
5
Let g be 2/9 + (-40)/18. Let p be (g/(-1) + 2)/(-1). Let j = p + 6. What is the units digit of j?
2
Suppose y = -d - 2*d - 27, -3*y = -4*d - 23. Let b = -66 + 45. Let o = d - b. What is the units digit of o?
3
What is the hundreds digit of 6/(-27) + 2*(-1055)/(-18)?
1
Let b = 25 + -11. Suppose b + 7 = 3*w. What is the units digit of w?
7
What is the tens digit of 6/9 + 316/12?
2
Let o be 10/4*(-10)/(-5). Suppose -2*s = 3*z + 2, -o*s = -4*z + 2*z - 33. What is the units digit of 1/4 - 19/z?
5
Let h(t) be the third derivative of -t**4/12 + t**3/6 - t**2. Let v = 1 - 3. What is the units digit of h(v)?
5
Suppose 58 - 340 = -3*i. What is the tens digit of i?
9
Let q(g) = g + 8. Let i be q(-8). Suppose 0*t - 4*t = 0. Suppose i = 2*z - t*z - 10. What is the units digit of z?
5
Let d(l) = -l**2 - 6*l + 4. What is the units digit of d(-6)?
4
Suppose x - 28 = -9. What is the tens digit of x?
1
What is the units digit of (-2)/(-6)*(1 + -1) + 30?
0
Suppose f + 1 = 0, -3*d + 2*f = -4 + 5. Let a(l) be the second derivative of l**4/4 - 6*l. What is the units digit of a(d)?
3
Suppose 5*b - 53 - 87 = 0. Suppose b = 3*d + d. What is the units digit of ((-182)/d)/(-2*1)?
3
Let q(n) = n**2 + 2*n. Suppose -4*t - 7 = 1. Let l be q(t). Let z = 5 + l. What is the units digit of z?
5
Suppose i - 4*i = -117. What is the units digit of i?
9
Suppose 7 = g - 10. What is the tens digit of g?
1
Suppose -5 = -k - 1. Suppose 2 = 4*g + 2*c, 0 = g + k*g - 5*c - 40. Let h = g - -4. What is the units digit of h?
7
Let r = -571 + 833. What is the tens digit of r?
6
Suppose 2*f = f + 4. What is the tens digit of (-2)/(f/(-14)) + 3?
1
Suppose 6*p - p = 55. What is the units digit of p?
1
Suppose 3*h - 64 = -h - 4*t, 4*h - t = 84. What is the tens digit of h?
2
Let c(i) = 3*i + 12. What is the units digit of c(9)?
9
Let l(x) = 2*x + 0*x**3 + x**3 - 4*x**2 + 3 - 10. Let p be l(5). Suppose 0 = -3*d - 4 + p. What is the units digit of d?
8
Let b be 6/4*(-5 + 7). Suppose 0 = b*p - 6*p + 39. What is the tens digit of p?
1
Suppose 0 = 3*p + 448 - 1192. What is the units digit of p?
8
What is the tens digit of (348/10)/((-18)/(-45))?
8
Let x be (4/8)/(1/6). Suppose -x*n - 5*w = -0*w - 39, -60 = -4*n - 4*w. Suppose y + n = 4*u, -2*u = 3*y - 5*u + 9. What is the units digit of y?
2
Suppose 5*t + 21 + 29 = 0. What is the units digit of (-172)/t + (-3)/15?
7
Suppose 4*t + 12 = -0. Let g be 1/(t/9*1). Let d = 14 + g. What is the tens digit of d?
1
Let n(h) = -h**3 - h**2 - 4. What is the units digit of n(-3)?
4
Let q = 13 - 11. Suppose -3*w - 25 = -p, 7*w = -3*p + q*w + 19. What is the units digit of p?
3
Let b = 59 - 25. Let l(r) = r**3 - 6*r**2 + 5*r + 10. Let u be l(7). Suppose -u + b = -3*m. What is the units digit of m?
0
What is the units digit of 8/(-20)*(2 - 122)?
8
Suppose 0*x = -x - 5. Suppose 0 = 3*o - 31 - 2. Let q = o + x. What is the units digit of q?
6
What is the tens digit of 9/((-18)/(-272)) + 1?
3
Let g(d) = -4*d**3 - d**2 - 2*d - 1. What is the tens digit of g(-2)?
3
Suppose -p + 61 = 3*i, -2*i - 4*p - 23 = -77. Suppose -5*a - 137 = -4*x, -2*x + 3*a + 70 = -1. Let w = x - i. What is the units digit of w?
9
Suppose -2*s + 57 = -2*d + s, -5*d - 168 = s. What is the tens digit of 123/4 + d/44?
3
Suppose 140 = 9*r - 4*r. What is the tens digit of r?
2
Let u(p) = -2*p - 8. Let l be u(-8). Suppose x = -4*v + l, 0 = 5*x - 3*x + 2*v - 22. What is the tens digit of x?
1
Let s(r) = 0*r**2 + 2*r**2 + 0*r - r**3 - 1 - 6*r**2 - 3*r. Let o be s(-2). What is the units digit of o + 6/9*6?
1
Suppose 17*s - 13*s - 176 = 0. What is the units digit of s?
4
Suppose x + 0*x - 20 = 0. What is the tens digit of x?
2
Suppose 0 = 2*i - 3*i. What is the tens digit of i - -33 - (-3)/(-1)?
3
What is the units digit of -1 + 25 + (1 - 3)?
2
Let v be 4/(-8) - 22/(-4). Suppose 0*c + 47 = 3*r + 5*c, v*